{"id":856,"date":"2025-03-18T22:04:44","date_gmt":"2025-03-18T22:04:44","guid":{"rendered":"https:\/\/bodegaolcese.pe\/recibir-hoy\/?post_type=product&#038;p=856"},"modified":"2026-04-23T01:00:09","modified_gmt":"2026-04-23T06:00:09","slug":"la-peruanisima-butifarra-chicha","status":"publish","type":"product","link":"https:\/\/bodegaolcese.pe\/recibir-hoy\/producto\/la-peruanisima-butifarra-chicha\/","title":{"rendered":"La Peruan\u00edsima &#8211; Butifarra + Chicha"},"content":{"rendered":"","protected":false},"excerpt":{"rendered":"<p>Nuestra cl\u00e1sica butifarra con jam\u00f3n del pa\u00eds artesanal, sarsa criolla y un toque de mayonesa, acompa\u00f1ada de 500 ml de chicha morada. \u00a1Un cl\u00e1sico que nunca falla!<\/p>\n","protected":false},"featured_media":886,"template":"","meta":{"_acf_changed":false},"product_brand":[],"product_cat":[15],"product_tag":[],"class_list":{"0":"post-856","1":"product","2":"type-product","3":"status-publish","4":"has-post-thumbnail","6":"product_cat-promociones","8":"first","9":"instock","10":"shipping-taxable","11":"purchasable","12":"product-type-simple"},"group_of_quantity":0,"min_quantity":0,"max_quantity":"","exclude_order_quantity_value_rules":"no","exclude_category_quantity_rules":"no","combine_variations":"no","acf":[],"yoast_head":"<!-- This site is optimized with the Yoast SEO plugin v27.4 - https:\/\/yoast.com\/product\/yoast-seo-wordpress\/ -->\n<title>Combo La Peruan\u00edsima | Butifarra + Chicha \u2013 Bodega Olcese<\/title>\n<meta name=\"description\" content=\"Combo La Peruan\u00edsima: butifarra artesanal m\u00e1s chicha morada. P\u00eddelos en Bodega Olcese con entrega r\u00e1pida.\" \/>\n<meta name=\"robots\" content=\"index, follow, max-snippet:-1, max-image-preview:large, max-video-preview:-1\" \/>\n<link rel=\"canonical\" href=\"https:\/\/bodegaolcese.pe\/recibir-hoy\/producto\/la-peruanisima-butifarra-chicha\/\" \/>\n<meta property=\"og:locale\" content=\"es_ES\" \/>\n<meta property=\"og:type\" content=\"article\" \/>\n<meta property=\"og:title\" content=\"Combo La Peruan\u00edsima | Butifarra + Chicha \u2013 Bodega Olcese\" \/>\n<meta property=\"og:description\" content=\"Combo La Peruan\u00edsima: butifarra artesanal m\u00e1s chicha morada. P\u00eddelos en Bodega Olcese con entrega r\u00e1pida.\" \/>\n<meta property=\"og:url\" content=\"https:\/\/bodegaolcese.pe\/recibir-hoy\/producto\/la-peruanisima-butifarra-chicha\/\" \/>\n<meta property=\"og:site_name\" content=\"Recibir Hoy\" \/>\n<meta property=\"article:modified_time\" content=\"2026-04-23T06:00:09+00:00\" \/>\n<meta property=\"og:image\" content=\"https:\/\/bodegaolcese.pe\/recibir-hoy\/wp-content\/uploads\/sites\/3\/2025\/03\/promocion-butifarra-chicha-1.webp\" \/>\n\t<meta property=\"og:image:width\" content=\"1080\" \/>\n\t<meta property=\"og:image:height\" content=\"1080\" \/>\n\t<meta property=\"og:image:type\" content=\"image\/webp\" \/>\n<meta name=\"twitter:card\" content=\"summary_large_image\" \/>\n<script type=\"application\/ld+json\" class=\"yoast-schema-graph\">{\"@context\":\"https:\\\/\\\/schema.org\",\"@graph\":[{\"@type\":\"WebPage\",\"@id\":\"https:\\\/\\\/bodegaolcese.pe\\\/recibir-hoy\\\/producto\\\/la-peruanisima-butifarra-chicha\\\/\",\"url\":\"https:\\\/\\\/bodegaolcese.pe\\\/recibir-hoy\\\/producto\\\/la-peruanisima-butifarra-chicha\\\/\",\"name\":\"Combo La Peruan\u00edsima | Butifarra + Chicha \u2013 Bodega Olcese\",\"isPartOf\":{\"@id\":\"https:\\\/\\\/bodegaolcese.pe\\\/recibir-hoy\\\/#website\"},\"primaryImageOfPage\":{\"@id\":\"https:\\\/\\\/bodegaolcese.pe\\\/recibir-hoy\\\/producto\\\/la-peruanisima-butifarra-chicha\\\/#primaryimage\"},\"image\":{\"@id\":\"https:\\\/\\\/bodegaolcese.pe\\\/recibir-hoy\\\/producto\\\/la-peruanisima-butifarra-chicha\\\/#primaryimage\"},\"thumbnailUrl\":\"https:\\\/\\\/bodegaolcese.pe\\\/recibir-hoy\\\/wp-content\\\/uploads\\\/sites\\\/3\\\/2025\\\/03\\\/promocion-butifarra-chicha-1.webp\",\"datePublished\":\"2025-03-18T22:04:44+00:00\",\"dateModified\":\"2026-04-23T06:00:09+00:00\",\"description\":\"Combo La Peruan\u00edsima: butifarra artesanal m\u00e1s chicha morada. P\u00eddelos en Bodega Olcese con entrega r\u00e1pida.\",\"breadcrumb\":{\"@id\":\"https:\\\/\\\/bodegaolcese.pe\\\/recibir-hoy\\\/producto\\\/la-peruanisima-butifarra-chicha\\\/#breadcrumb\"},\"inLanguage\":\"es\",\"potentialAction\":[{\"@type\":\"ReadAction\",\"target\":[\"https:\\\/\\\/bodegaolcese.pe\\\/recibir-hoy\\\/producto\\\/la-peruanisima-butifarra-chicha\\\/\"]}]},{\"@type\":\"ImageObject\",\"inLanguage\":\"es\",\"@id\":\"https:\\\/\\\/bodegaolcese.pe\\\/recibir-hoy\\\/producto\\\/la-peruanisima-butifarra-chicha\\\/#primaryimage\",\"url\":\"https:\\\/\\\/bodegaolcese.pe\\\/recibir-hoy\\\/wp-content\\\/uploads\\\/sites\\\/3\\\/2025\\\/03\\\/promocion-butifarra-chicha-1.webp\",\"contentUrl\":\"https:\\\/\\\/bodegaolcese.pe\\\/recibir-hoy\\\/wp-content\\\/uploads\\\/sites\\\/3\\\/2025\\\/03\\\/promocion-butifarra-chicha-1.webp\",\"width\":1080,\"height\":1080},{\"@type\":\"BreadcrumbList\",\"@id\":\"https:\\\/\\\/bodegaolcese.pe\\\/recibir-hoy\\\/producto\\\/la-peruanisima-butifarra-chicha\\\/#breadcrumb\",\"itemListElement\":[{\"@type\":\"ListItem\",\"position\":1,\"name\":\"Portada\",\"item\":\"https:\\\/\\\/bodegaolcese.pe\\\/recibir-hoy\\\/\"},{\"@type\":\"ListItem\",\"position\":2,\"name\":\"Tienda\",\"item\":\"https:\\\/\\\/bodegaolcese.pe\\\/recibir-hoy\\\/\"},{\"@type\":\"ListItem\",\"position\":3,\"name\":\"La Peruan\u00edsima &#8211; Butifarra + Chicha\"}]},{\"@type\":\"WebSite\",\"@id\":\"https:\\\/\\\/bodegaolcese.pe\\\/recibir-hoy\\\/#website\",\"url\":\"https:\\\/\\\/bodegaolcese.pe\\\/recibir-hoy\\\/\",\"name\":\"Recibir Hoy\",\"description\":\"\",\"potentialAction\":[{\"@type\":\"SearchAction\",\"target\":{\"@type\":\"EntryPoint\",\"urlTemplate\":\"https:\\\/\\\/bodegaolcese.pe\\\/recibir-hoy\\\/?s={search_term_string}\"},\"query-input\":{\"@type\":\"PropertyValueSpecification\",\"valueRequired\":true,\"valueName\":\"search_term_string\"}}],\"inLanguage\":\"es\"}]}<\/script>\n<!-- \/ Yoast SEO plugin. -->","yoast_head_json":{"title":"Combo La Peruan\u00edsima | Butifarra + Chicha \u2013 Bodega Olcese","description":"Combo La Peruan\u00edsima: butifarra artesanal m\u00e1s chicha morada. P\u00eddelos en Bodega Olcese con entrega r\u00e1pida.","robots":{"index":"index","follow":"follow","max-snippet":"max-snippet:-1","max-image-preview":"max-image-preview:large","max-video-preview":"max-video-preview:-1"},"canonical":"https:\/\/bodegaolcese.pe\/recibir-hoy\/producto\/la-peruanisima-butifarra-chicha\/","og_locale":"es_ES","og_type":"article","og_title":"Combo La Peruan\u00edsima | Butifarra + Chicha \u2013 Bodega Olcese","og_description":"Combo La Peruan\u00edsima: butifarra artesanal m\u00e1s chicha morada. P\u00eddelos en Bodega Olcese con entrega r\u00e1pida.","og_url":"https:\/\/bodegaolcese.pe\/recibir-hoy\/producto\/la-peruanisima-butifarra-chicha\/","og_site_name":"Recibir Hoy","article_modified_time":"2026-04-23T06:00:09+00:00","og_image":[{"width":1080,"height":1080,"url":"https:\/\/bodegaolcese.pe\/recibir-hoy\/wp-content\/uploads\/sites\/3\/2025\/03\/promocion-butifarra-chicha-1.webp","type":"image\/webp"}],"twitter_card":"summary_large_image","schema":{"@context":"https:\/\/schema.org","@graph":[{"@type":"WebPage","@id":"https:\/\/bodegaolcese.pe\/recibir-hoy\/producto\/la-peruanisima-butifarra-chicha\/","url":"https:\/\/bodegaolcese.pe\/recibir-hoy\/producto\/la-peruanisima-butifarra-chicha\/","name":"Combo La Peruan\u00edsima | Butifarra + Chicha \u2013 Bodega Olcese","isPartOf":{"@id":"https:\/\/bodegaolcese.pe\/recibir-hoy\/#website"},"primaryImageOfPage":{"@id":"https:\/\/bodegaolcese.pe\/recibir-hoy\/producto\/la-peruanisima-butifarra-chicha\/#primaryimage"},"image":{"@id":"https:\/\/bodegaolcese.pe\/recibir-hoy\/producto\/la-peruanisima-butifarra-chicha\/#primaryimage"},"thumbnailUrl":"https:\/\/bodegaolcese.pe\/recibir-hoy\/wp-content\/uploads\/sites\/3\/2025\/03\/promocion-butifarra-chicha-1.webp","datePublished":"2025-03-18T22:04:44+00:00","dateModified":"2026-04-23T06:00:09+00:00","description":"Combo La Peruan\u00edsima: butifarra artesanal m\u00e1s chicha morada. P\u00eddelos en Bodega Olcese con entrega r\u00e1pida.","breadcrumb":{"@id":"https:\/\/bodegaolcese.pe\/recibir-hoy\/producto\/la-peruanisima-butifarra-chicha\/#breadcrumb"},"inLanguage":"es","potentialAction":[{"@type":"ReadAction","target":["https:\/\/bodegaolcese.pe\/recibir-hoy\/producto\/la-peruanisima-butifarra-chicha\/"]}]},{"@type":"ImageObject","inLanguage":"es","@id":"https:\/\/bodegaolcese.pe\/recibir-hoy\/producto\/la-peruanisima-butifarra-chicha\/#primaryimage","url":"https:\/\/bodegaolcese.pe\/recibir-hoy\/wp-content\/uploads\/sites\/3\/2025\/03\/promocion-butifarra-chicha-1.webp","contentUrl":"https:\/\/bodegaolcese.pe\/recibir-hoy\/wp-content\/uploads\/sites\/3\/2025\/03\/promocion-butifarra-chicha-1.webp","width":1080,"height":1080},{"@type":"BreadcrumbList","@id":"https:\/\/bodegaolcese.pe\/recibir-hoy\/producto\/la-peruanisima-butifarra-chicha\/#breadcrumb","itemListElement":[{"@type":"ListItem","position":1,"name":"Portada","item":"https:\/\/bodegaolcese.pe\/recibir-hoy\/"},{"@type":"ListItem","position":2,"name":"Tienda","item":"https:\/\/bodegaolcese.pe\/recibir-hoy\/"},{"@type":"ListItem","position":3,"name":"La Peruan\u00edsima &#8211; Butifarra + Chicha"}]},{"@type":"WebSite","@id":"https:\/\/bodegaolcese.pe\/recibir-hoy\/#website","url":"https:\/\/bodegaolcese.pe\/recibir-hoy\/","name":"Recibir Hoy","description":"","potentialAction":[{"@type":"SearchAction","target":{"@type":"EntryPoint","urlTemplate":"https:\/\/bodegaolcese.pe\/recibir-hoy\/?s={search_term_string}"},"query-input":{"@type":"PropertyValueSpecification","valueRequired":true,"valueName":"search_term_string"}}],"inLanguage":"es"}]}},"_links":{"self":[{"href":"https:\/\/bodegaolcese.pe\/recibir-hoy\/wp-json\/wp\/v2\/product\/856","targetHints":{"allow":["GET"]}}],"collection":[{"href":"https:\/\/bodegaolcese.pe\/recibir-hoy\/wp-json\/wp\/v2\/product"}],"about":[{"href":"https:\/\/bodegaolcese.pe\/recibir-hoy\/wp-json\/wp\/v2\/types\/product"}],"version-history":[{"count":0,"href":"https:\/\/bodegaolcese.pe\/recibir-hoy\/wp-json\/wp\/v2\/product\/856\/revisions"}],"wp:featuredmedia":[{"embeddable":true,"href":"https:\/\/bodegaolcese.pe\/recibir-hoy\/wp-json\/wp\/v2\/media\/886"}],"wp:attachment":[{"href":"https:\/\/bodegaolcese.pe\/recibir-hoy\/wp-json\/wp\/v2\/media?parent=856"}],"wp:term":[{"taxonomy":"product_brand","embeddable":true,"href":"https:\/\/bodegaolcese.pe\/recibir-hoy\/wp-json\/wp\/v2\/product_brand?post=856"},{"taxonomy":"product_cat","embeddable":true,"href":"https:\/\/bodegaolcese.pe\/recibir-hoy\/wp-json\/wp\/v2\/product_cat?post=856"},{"taxonomy":"product_tag","embeddable":true,"href":"https:\/\/bodegaolcese.pe\/recibir-hoy\/wp-json\/wp\/v2\/product_tag?post=856"}],"curies":[{"name":"wp","href":"https:\/\/api.w.org\/{rel}","templated":true}]}}